54989?
11, 4999
List the prime factors of 125914.
2, 157, 401
What are the prime factors of 2136567?
3, 59, 12071
What are the prime factors of 3121025?
5, 127, 983
List the prime factors of 850013.
59, 14407
List the prime factors of 6641452.
2, 191, 8693
List the prime factors of 384438.
2, 3, 17, 3769
List the prime factors of 14287.
7, 13, 157
List the prime factors of 128644.
2, 29, 1109
What are the prime factors of 4363081?
43, 101467
What are the prime factors of 224783?
13, 17291
List the prime factors of 828837.
3, 19, 37, 131
What are the prime factors of 8605445?
5, 31, 59, 941
What are the prime factors of 890069?
17, 41, 1277
List the prime factors of 1135544.
2, 43, 3301
What are the prime factors of 1456497?
3, 7, 61, 379
List the prime factors of 351213.
3, 117071
What are the prime factors of 161622?
2, 3, 41, 73
List the prime factors of 239403.
3, 79801
List the prime factors of 789507.
3, 19
What are the prime factors of 397172?
2, 31, 3203
List the prime factors of 37040.
2, 5, 463
What are the prime factors of 2324904?
2, 3, 73, 1327
What are the prime factors of 1911973?
7, 17, 16067
What are the prime factors of 11827082?
2, 19, 16381
List the prime factors of 20452352.
2, 19973
List the prime factors of 2054134.
2, 1027067
List the prime factors of 2620798.
2, 1310399
What are the prime factors of 398834?
2, 199417
What are the prime factors of 1896924?
2, 3, 158077
List the prime factors of 2735737.
2735737
List the prime factors of 398788.
2, 13, 7669
What are the prime factors of 6968319?
3, 41, 181, 313
What are the prime factors of 1719709?
19, 90511
What are the prime factors of 26308177?
7, 101, 127, 293
List the prime factors of 871401.
3, 23, 73, 173
What are the prime factors of 4522588?
2, 7, 161521
What are the prime factors of 31444013?
23, 31, 44101
List the prime factors of 251558.
2, 73, 1723
List the prime factors of 1476471.
3, 19, 25903
What are the prime factors of 4414126?
2, 733, 3011
What are the prime factors of 85687?
7, 12241
List the prime factors of 13750466.
2, 29, 383, 619
What are the prime factors of 4077828?
2, 3, 227, 499
What are the prime factors of 437066?
2, 7, 31219
What are the prime factors of 11549916?
2, 3, 7, 45833
What are the prime factors of 9733535?
5, 7, 31, 8971
What are the prime factors of 1219787?
1219787
List the prime factors of 5180002.
2, 17, 131, 1163
List the prime factors of 35566.
2, 17783
What are the prime factors of 22374452?
2, 59, 113, 839
List the prime factors of 24756908.
2, 11, 83, 6779
What are the prime factors of 1857459?
3, 19, 32587
List the prime factors of 10827350.
2, 5, 83, 2609
List the prime factors of 6998630.
2, 5, 699863
What are the prime factors of 3630237?
3, 13, 93083
List the prime factors of 4761031.
11, 269, 1609
List the prime factors of 9445448.
2, 53, 22277
List the prime factors of 4370215.
5, 587, 1489
What are the prime factors of 152792?
2, 71, 269
What are the prime factors of 45203?
17, 2659
List the prime factors of 22638758.
2, 11319379
What are the prime factors of 266663?
266663
What are the prime factors of 255642?
2, 3, 137, 311
What are the prime factors of 1867557?
3, 622519
List the prime factors of 1350058.
2, 675029
List the prime factors of 12715419.
3, 193, 21961
What are the prime factors of 111784?
2, 89, 157
List the prime factors of 4697621.
43, 107, 1021
List the prime factors of 1699199.
953, 1783
What are the prime factors of 353666?
2, 19, 41, 227
List the prime factors of 6257944.
2, 7, 11, 10159
List the prime factors of 11770940.
2, 5, 23, 25589
List the prime factors of 3421373.
3421373
What are the prime factors of 8313942?
2, 3, 7, 13, 15227
List the prime factors of 3688780.
2, 5, 181, 1019
List the prime factors of 4040797.
4040797
What are the prime factors of 1253066?
2, 626533
List the prime factors of 96252.
2, 3, 13, 617
What are the prime factors of 1094677?
47, 23291
What are the prime factors of 16705277?
61, 273857
List the prime factors of 397823.
31, 41, 313
What are the prime factors of 410262?
2, 3, 101, 677
List the prime factors of 27934259.
23, 1214533
List the prime factors of 3706128.
2, 3, 23, 373
What are the prime factors of 7075005?
3, 5, 7, 43, 1567
What are the prime factors of 4437148?
2, 1109287
What are the prime factors of 1470820?
2, 5, 13, 5657
What are the prime factors of 3522138?
2, 3, 157, 3739
What are the prime factors of 362486?
2, 181243
List the prime factors of 1482913.
107, 13859
List the prime factors of 251443.
251443
List the prime factors of 648393.
3, 23, 9397
What are the prime factors of 867593?
29, 29917
What are the prime factors of 596077?
59, 10103
What are the prime factors of 2635368?
2, 3, 109807
What are the prime factors of 253920?
2, 3, 5, 23
What are the prime factors of 71315?
5, 17, 839
List the prime factors of 1288606.
2, 11, 58573
What are the prime factors of 112992?
2, 3, 11, 107
List the prime factors of 855668.
2, 11, 19447
What are the prime factors of 4366130?
2, 5, 73, 5981
What are the prime factors of 24135797?
7, 3447971
List the prime factors of 5603978.
2, 307, 9127
What are the prime factors of 3011536?
2, 11, 71, 241
What are the prime factors of 2694225?
3, 5, 35923
List the prime factors of 17797357.
19, 71, 79, 167
What are the prime factors of 131411?
7, 18773
What are the prime factors of 13684436?
2, 3421109
List the prime factors of 122944.
2, 17, 113
What are the prime factors of 30503514?
2, 3, 53, 95923
List the prime factors of 344932.
2, 7, 97, 127
What are the prime factors of 8583933?
3, 53, 53987
What are the prime factors of 45439?
45439
List the prime factors of 808094.
2, 7, 197, 293
What are the prime factors of 283795?
5, 211, 269
What are the prime factors of 35694?
2, 3, 661
What are the prime factors of 62778?
2, 3, 10463
List the prime factors of 2695643.
2695643
What are the prime factors of 5883695?
5, 47, 25037
List the prime factors of 1796236.
2, 13, 34543
What are the prime factors of 5168065?
5, 7, 149, 991
List the prime factors of 2860268.
2, 499, 1433
What are the prime factors of 3324426?
2, 3, 7, 79153
What are the prime factors of 6317930?
2, 5, 379, 1667
What are the prime factors of 231175?
5, 7, 1321
What are the prime factors of 3180585?
3, 5, 212039
List the prime factors of 2220710.
2, 5, 17, 13063
What are the prime factors of 4462776?
2, 3, 71, 97
List the prime factors of 34805432.
2, 4350679
What are the prime factors of 135743?
135743
List the prime factors of 555194.
2, 277597
List the prime factors of 683814.
2, 3, 113969
What are the prime factors of 815286?
2, 3, 17, 7993
List the prime factors of 951543.
3, 105727
What are the prime factors of 295686?
2, 3, 16427
List the prime factors of 6248471.
6248471
What are the prime factors of 96840?
2, 3, 5, 269
List the prime factors of 240141.
3, 11, 19, 383
What are the prime factors of 9115597?
113, 80669
List the prime factors of 91604.
2, 22901
List the prime factors of 358591.
358591
List the prime factors of 772753.
43, 17971
What are the prime factors of 654440?
2, 5, 16361
List the prime factors of 3925662.
2, 3, 13, 50329
What are the prime factors of 215922?
2, 3, 7, 53, 97
List the prime factors of 1447356.
2, 3, 103, 1171
List the prime factors of 2269947.
3, 756649
What are the prime factors of 203059?
251, 809
List the prime factors of 5910986.
2, 97, 30469
List the prime factors of 289444.
2, 269
What are the prime factors of 21362?
2, 11, 971
List the prime factors of 1771099.
11, 161009
List the prime factors of 966946.
2, 137, 3529
What are the prime factors of 10207128?
2, 3, 425297
What are the prime factors of 24717463?
24717463
What are the prime factors of 911954?
2, 455977
List the prime factors of 23073.
3, 7691
List the prime factors of 4861981.
89, 54629
List the prime factors of 437227.
7, 8923
What are the prime factors of 299886?
2, 3, 151, 331
List the prime factors of 2064849.
3, 113, 6091
List the prime factors of 105487.
37, 2851
List the prime factors of 3764972.
2, 37, 25439
List the prime factors of 589788.
2, 3, 43, 127
What are the prime factors of 185551?
185551
What are the prime factors of 13601631?
3, 43, 97, 1087
List the prime factors of 17759619.
3, 1973291
What are th